
-1211
In base 16, what is 1 - -ce?
cf
In base 2, what is -1 - -10000011?
10000010
In base 15, what is 15 + 2b?
41
In base 14, what is -3 + 11?
c
In base 12, what is -69a - 4?
-6a2
In base 8, what is -1 - -101?
100
In base 10, what is -272 + -1?
-273
In base 9, what is -2 + 568?
566
In base 8, what is 1 + 1541?
1542
In base 8, what is 2 + 221?
223
In base 16, what is -703 - 3?
-706
In base 10, what is -68 - -16?
-52
In base 7, what is 35 - -24?
62
In base 9, what is 124 + -4?
120
In base 9, what is 3 + -42?
-38
In base 6, what is -1 + 2025?
2024
In base 2, what is 1111001101 - 101?
1111001000
In base 12, what is 7 + 4a?
55
In base 4, what is 12130 - -1?
12131
In base 15, what is -1 + 63?
62
In base 14, what is 3 - 38b?
-388
In base 6, what is 3 + -12523?
-12520
In base 6, what is -12 + 513?
501
In base 12, what is 1892 - 1?
1891
In base 11, what is 2 + 421?
423
In base 15, what is -2 + 15?
13
In base 13, what is -6 - 309?
-312
In base 6, what is -12 - -105?
53
In base 8, what is -143 + 3?
-140
In base 5, what is 3 + -43?
-40
In base 4, what is -213 - 30?
-303
In base 12, what is 2 - 233?
-231
In base 16, what is 3 - -4b?
4e
In base 5, what is 4 + 14414?
14423
In base 16, what is -244 - -1?
-243
In base 10, what is 58 + 66?
124
In base 13, what is 22 + -129?
-107
In base 15, what is -13b4 + 2?
-13b2
In base 16, what is -1e + e?
-10
In base 13, what is 4 + 302?
306
In base 14, what is 2 - -80?
82
In base 4, what is -1130 - 102?
-1232
In base 3, what is 1202 - -20122?
22101
In base 9, what is -1 + -100?
-101
In base 13, what is -14 - 2?
-16
In base 3, what is 12 - 1012?
-1000
In base 3, what is -102021 - 102?
-102200
In base 6, what is 312 + -3?
305
In base 4, what is 1 + 110?
111
In base 10, what is 33266 + -3?
33263
In base 15, what is 1b + -d?
d
In base 6, what is -4034 + -3?
-4041
In base 4, what is -2 + -2100?
-2102
In base 4, what is -3 - 10?
-13
In base 14, what is 10 + -14?
-4
In base 13, what is 2 - 3a?
-38
In base 4, what is -102301 - -11?
-102230
In base 14, what is 1 - -2b?
2c
In base 15, what is -16 + -c?
-23
In base 16, what is -4a + 5?
-45
In base 13, what is -2 + 2a5?
2a3
In base 9, what is -1 + -30?
-31
In base 11, what is -1 - 19?
-1a
In base 7, what is 1 - 30?
-26
In base 15, what is -2b - 5?
-31
In base 13, what is 4c5 + 3?
4c8
In base 4, what is -30 + 2303?
2213
In base 2, what is -11 - 101111?
-110010
In base 3, what is -211 - -111?
-100
In base 2, what is -111 - 100011?
-101010
In base 15, what is 1 - 13?
-12
In base 4, what is 201003 - -10?
201013
In base 8, what is -762 + 4?
-756
In base 2, what is -10011 - -110111?
100100
In base 10, what is 32 - -3?
35
In base 7, what is -3 + -11221?
-11224
In base 5, what is -44 + -1032?
-1131
In base 8, what is 47 - -20?
67
In base 13, what is c - -9?
18
In base 16, what is 94 - -5?
99
In base 10, what is -2 - -3?
1
In base 2, what is 101 - -100001100111?
100001101100
In base 2, what is -110111111 + -100?
-111000011
In base 12, what is 4 - 23?
-1b
In base 5, what is -13144 - 1?
-13200
In base 6, what is -133 + 14?
-115
In base 11, what is a9 + -5?
a4
In base 8, what is 3051 + 11?
3062
In base 14, what is 3 - 118?
-115
In base 12, what is 52 + 0?
52
In base 7, what is 2340 + 10?
2350
In base 9, what is 30 + -38?
-8
In base 10, what is -2 + 100?
98
In base 4, what is 1 - -1333?
2000
In base 5, what is 1323 - 10?
1313
In base 11, what is -60 + 3?
-58
In base 14, what is -96 + 9?
-8b
In base 6, what is -3 + -4451?
-4454
In base 4, what is -302 + -23?
-331
In base 11, what is 37 - 1?
36
In base 10, what is -2 - -666?
664
In base 10, what is 116 + 6?
122
In base 8, what is -126 - 6?
-134
In base 2, what is -10 + 1000110?
1000100
In base 11, what is 1390 + 3?
1393
In base 4, what is -100021 - 10?
-100031
In base 4, what is 11213 + -3?
11210
In base 16, what is 32f + -2?
32d
In base 6, what is -110 + 1524?
1414
In base 6, what is 0 - -20?
20
In base 16, what is a + -2?
8
In base 11, what is 4 + -137?
-133
In base 10, what is -785 + 0?
-785
In base 5, what is 4 - -20312?
20321
In base 4, what is 22 + -30000?
-23312
In base 16, what is 31e - 5?
319
In base 10, what is 111 + -3?
108
In base 14, what is 0 - -d8?
d8
In base 7, what is -4 - -151?
144
In base 16, what is 178 + -2?
176
In base 7, what is -3 - -2240?
2234
In base 3, what is -12202 - 10?
-12212
In base 8, what is 17544 + -3?
17541
In base 9, what is 46 - -212?
258
In base 14, what is 3 + 85c?
861
In base 8, what is -74 - 73?
-167
In base 10, what is 1 + -150?
-149
In base 13, what is 8 + -15a?
-152
In base 12, what is 0 - -127?
127
In base 6, what is 4 + 31555?
32003
In base 16, what is -d + 0?
-d
In base 12, what is -9 - -1b?
12
In base 4, what is -202 - -203?
1
In base 6, what is 5 + 153?
202
In base 12, what is -91a + 4?
-916
In base 8, what is -1 + -50?
-51
In base 10, what is -210 + 4?
-206
In base 6, what is -3 - -241?
234
In base 2, what is 100 + -10001100?
-10001000
In base 9, what is -3 + -277?
-281
In base 15, what is -250 + 4?
-24b
In base 4, what is -2 + 13021?
13013
In base 3, what is 1112221 - 0?
1112221
In base 2, what is 1011110 - 0?
1011110
In base 4, what is 11002 - -133?
11201
In base 9, what is -204 - -33?
-161
In base 6, what is -23 - -51?
24
In base 9, what is 1 + 205?
206
In base 10, what is 2573 - 0?
2573
In base 8, what is 2 - -30?
32
In base 9, what is -3133 + 5?
-3127
In base 5, what is -10444 + 4?
-10440
In base 6, what is 52 + -511?
-415
In base 13, what is 39 + -2?
37
In base 7, what is -4 - 3245?
-3252
In base 15, what is 3bb - -3?
3be
In base 3, what is -11200 + -11?
-11211
In base 2, what is -1100000 + -111?
-1100111
In base 14, what is 4 + 1018?
101c
In base 10, what is -2 - 76?
-78
In base 10, what is -4 + 177?
173
In base 14, what is 9a + -1?
99
In base 6, what is 10011 - 1?
10010
In base 14, what is -b + -2?
-d
In base 5, what is -12444 - 2?
-13001
In base 14, what is -80 + 3?
-7b
In base 5, what is 1211 - 12?
1144
In base 13, what is -46 - 1ca?
-243
In base 13, what is -30 - -3?
-2a
In base 8, what is 163 + -3?
160
In base 3, what is -21 - -10?
-11
In base 9, what is 3 + -218?
-215
In base 14, what is 26d - 5?
268
In base 4, what is 101 + -320?
-213
In base 3, what is -22 - -112?
20
In base 4, what is 31122 - 100?
31022
In base 4, what is 1 - -23012?
23013
In base 8, what is 6400 - -3?
6403
In base 9, what is 788 - -2?
801
In base 2, what is 10 - 100?
-10
In base 15, what is -28 + -4?
-2c
In base 10, what is -147 + -2?
-149
In base 7, what is 12 + 42?
54
In base 10, what is -83 + -12?
-95
In base 14, what is -6 + -d?
-15
In base 8, what is -6 + -124?
-132
In base 3, what is -12220111 + 11?
-12220100
In base 15, what is -775 - -3?
-772
In base 12, what is -7 - -884?
879
In base 8, what is 632 - 4?
626
In base 13, what is 4 - -24b?
252
In base 2, what is 1001100011 + 101?
1001101000
In base 2, what is -11 + 1000?
101
In base 7, what is 2 - 634?
-632
In base 9, what is -18 + 652?
633
In base 2, what is -1000 - -1011?
11
In base 13, what is -5 - 17?
-1c
In base 16, what is 17ed + -5?
17e8
In base 9, what is -5 - -170?
164
In base 16, what is 127 - -a?
131
In base 16, what is -3c2 + -18?
-3da
In base 4, what is 120 - 13121?
-13001
In base 6, what is 1541 - -24?
2005
In base 16, what is 2 + -24c?
-24a
In base 14, what is -4 + -d71?
-d75
In base 13, what is 14a0 + 6?
14a6
In base 15, what is 26 - 2?
24
In base 3, what is 0 + 2000?
2000
In base 13, what is 168 + 11?
179
In base 13, what is -30 + 108?
a8
In base 7, what is -653 + -21?
-1004
In base 13, what is 4c3 + 8?
4cb
In base 8, what is -116 + -220?
-336
In base 5, what is 30 + -34?
-4
In base 11, what is -78 - -9?
-6a
In base 6, what is -3 - 335?
-342
In base 14, what is 12 + -29?
-17
In base 11, what is 151 - -1?
152
In base 13, what is -23 + -4?
-27
In base 16, what is -1a - -34?
1a
In base 16, what is 0 - 0?
0
In base 16, what is 1b3 + -26?
18d
In base 4, what is 233 + 210?
1103
In base 11, what is 431 - -2?
433
In base 12, what is -844 - -1?
-843
In base 11, what is 86 - 15?
71
In base 8, what is 4 + 107?
113
In base 4, what is -30 - 11133?
-11223
In base 7, what is 4 - -65?
102
In base 9, what is 23 + -50?
-26
In base 3, what is -11 + 1212?
1201
In base 2, what is 101110 - -100?
110010
In base 8, what is -12 + 726?
714
In base 2, what is 110